
9
What is the units digit of 7408?
8
What is the units digit of 1464?
4
What is the hundreds digit of 52775?
7
What is the ten thousands digit of 25896?
2
What is the thousands digit of 7163?
7
What is the tens digit of 392?
9
What is the ten thousands digit of 23928?
2
What is the hundreds digit of 2873?
8
What is the thousands digit of 4151?
4
What is the units digit of 557?
7
What is the hundreds digit of 520?
5
What is the hundreds digit of 11906?
9
What is the tens digit of 19203?
0
What is the hundreds digit of 2879?
8
What is the hundreds digit of 10083?
0
What is the ten thousands digit of 39546?
3
What is the hundreds digit of 38000?
0
What is the units digit of 7353?
3
What is the units digit of 1578?
8
What is the tens digit of 68564?
6
What is the tens digit of 2220?
2
What is the tens digit of 462?
6
What is the hundreds digit of 1006?
0
What is the hundreds digit of 1872?
8
What is the thousands digit of 2995?
2
What is the hundreds digit of 37075?
0
What is the tens digit of 13940?
4
What is the units digit of 108338?
8
What is the thousands digit of 1456?
1
What is the ten thousands digit of 15563?
1
What is the tens digit of 288?
8
What is the thousands digit of 79071?
9
What is the units digit of 8790?
0
What is the units digit of 21135?
5
What is the hundreds digit of 1767?
7
What is the tens digit of 36494?
9
What is the units digit of 639?
9
What is the tens digit of 7237?
3
What is the tens digit of 3638?
3
What is the ten thousands digit of 15037?
1
What is the thousands digit of 1922?
1
What is the thousands digit of 3865?
3
What is the units digit of 130992?
2
What is the hundreds digit of 841?
8
What is the units digit of 200420?
0
What is the hundreds digit of 537?
5
What is the units digit of 2720?
0
What is the tens digit of 766?
6
What is the thousands digit of 1405?
1
What is the tens digit of 1859?
5
What is the hundreds digit of 2889?
8
What is the thousands digit of 1924?
1
What is the units digit of 22186?
6
What is the units digit of 781?
1
What is the hundreds digit of 41551?
5
What is the tens digit of 30624?
2
What is the hundreds digit of 725?
7
What is the units digit of 4183?
3
What is the units digit of 44283?
3
What is the thousands digit of 1284?
1
What is the thousands digit of 4394?
4
What is the thousands digit of 10864?
0
What is the tens digit of 521?
2
What is the units digit of 37801?
1
What is the hundreds digit of 108477?
4
What is the thousands digit of 122763?
2
What is the tens digit of 984?
8
What is the ten thousands digit of 64154?
6
What is the tens digit of 5500?
0
What is the ten thousands digit of 19937?
1
What is the ten thousands digit of 92525?
9
What is the tens digit of 7220?
2
What is the tens digit of 1712?
1
What is the hundreds digit of 8219?
2
What is the tens digit of 31925?
2
What is the thousands digit of 101313?
1
What is the units digit of 51022?
2
What is the hundreds digit of 36253?
2
What is the ten thousands digit of 59530?
5
What is the tens digit of 3897?
9
What is the tens digit of 2190?
9
What is the tens digit of 40?
4
What is the hundreds digit of 97597?
5
What is the hundreds digit of 6322?
3
What is the thousands digit of 1015?
1
What is the units digit of 1942?
2
What is the ten thousands digit of 16239?
1
What is the ten thousands digit of 16507?
1
What is the tens digit of 23867?
6
What is the units digit of 28208?
8
What is the hundreds digit of 3563?
5
What is the tens digit of 30995?
9
What is the thousands digit of 8532?
8
What is the hundreds digit of 123?
1
What is the tens digit of 307?
0
What is the tens digit of 24126?
2
What is the thousands digit of 3121?
3
What is the ten thousands digit of 10667?
1
What is the thousands digit of 1869?
1
What is the units digit of 1303?
3
What is the hundreds digit of 906?
9
What is the units digit of 968?
8
What is the hundreds digit of 12773?
7
What is the thousands digit of 2002?
2
What is the units digit of 1153?
3
What is the tens digit of 1449?
4
What is the tens digit of 52939?
3
What is the thousands digit of 22839?
2
What is the hundreds digit of 3477?
4
What is the hundreds digit of 1244?
2
What is the tens digit of 14586?
8
What is the units digit of 10819?
9
What is the tens digit of 39877?
7
What is the hundreds digit of 131727?
7
What is the thousands digit of 14353?
4
What is the thousands digit of 1057?
1
What is the units digit of 4915?
5
What is the units digit of 5486?
6
What is the units digit of 61006?
6
What is the thousands digit of 1344?
1
What is the units digit of 14473?
3
What is the units digit of 2250?
0
What is the tens digit of 5240?
4
What is the units digit of 9328?
8
What is the units digit of 467?
7
What is the tens digit of 883?
8
What is the tens digit of 37?
3
What is the tens digit of 71582?
8
What is the thousands digit of 82582?
2
What is the hundreds digit of 4574?
5
What is the units digit of 3369?
9
What is the tens digit of 4490?
9
What is the thousands digit of 42527?
2
What is the tens digit of 8325?
2
What is the ten thousands digit of 120260?
2
What is the units digit of 3267?
7
What is the tens digit of 1437?
3
What is the units digit of 91261?
1
What is the thousands digit of 8674?
8
What is the tens digit of 1107?
0
What is the units digit of 112401?
1
What is the thousands digit of 65411?
5
What is the hundreds digit of 1777?
7
What is the units digit of 7?
7
What is the hundreds digit of 339?
3
What is the hundreds digit of 610?
6
What is the tens digit of 57878?
7
What is the hundred thousands digit of 150605?
1
What is the thousands digit of 3024?
3
What is the thousands digit of 9246?
9
What is the tens digit of 85332?
3
What is the ten thousands digit of 52663?
5
What is the hundreds digit of 4535?
5
What is the units digit of 2225?
5
What is the tens digit of 1111?
1
What is the hundreds digit of 23704?
7
What is the hundreds digit of 1289?
2
What is the hundreds digit of 2505?
5
What is the hundreds digit of 2476?
4
What is the tens digit of 1741?
4
What is the thousands digit of 18628?
8
What is the thousands digit of 6090?
6
What is the hundreds digit of 3994?
9
What is the tens digit of 621?
2
What is the hundreds digit of 32533?
5
What is the hundreds digit of 1260?
2
What is the units digit of 30235?
5
What is the tens digit of 845?
4
What is the hundreds digit of 400?
4
What is the thousands digit of 145937?
5
What is the ten thousands digit of 38854?
3
What is the thousands digit of 1174?
1
What is the tens digit of 955?
5
What is the thousands digit of 1884?
1
What is the hundreds digit of 847?
8
What is the tens digit of 4765?
6
What is the tens digit of 74401?
0
What is the tens digit of 5509?
0
What is the tens digit of 349?
4
What is the units digit of 3657?
7
What is the hundreds digit of 4616?
6
What is the thousands digit of 1721?
1
What is the tens digit of 1749?
4
What is the ten thousands digit of 23791?
2
What is the tens digit of 1352?
5
What is the thousands digit of 5713?
5
What is the tens digit of 92154?
5
What is the ten thousands digit of 89665?
8
What is the hundreds digit of 5752?
7
What is the units digit of 6220?
0
What is the hundreds digit of 6155?
1
What is the tens digit of 21879?
7
What is the tens digit of 11784?
8
What is the hundreds digit of 102329?
3
What is the thousands digit of 10686?
0
What is the ten thousands digit of 13736?
1
What is the thousands digit of 1615?
1
What is the ten thousands digit of 110868?
1
What is the thousands digit of 1945?
1
What is the hundreds digit of 1122?
1
What is the ten thousands digit of 45792?
4
What is the tens digit of 2274?
7
What is the hundreds digit of 8467?
4
What is the tens digit of 138?
3
What is the ten thousands digit of 100356?
0
What is the tens digit of 70888?
8
What is the units digit of 6485?
5
What is the tens digit of 20189?
8
What is the units digit of 3779?
9
What is the hundreds digit of 236?
2
What is the units digit of 7137?
7
What is the tens digit of 626?
2
What is the tens digit of 13703?
0
What is the tens digit of 2793?
9
What is the units digit of 20?
0
What is the hundreds digit of 399?
3
What is the hundreds digit of 885?
8
What is the units digit of 676?
6
What is the thousands digit of 71477?
1
What is the thousands digit of 2943?